 0*r - s = 2*r - 18, 36 = 4*r - 2*s. Let m = -165 + 240. Suppose 4*n - m = -3. Calculate the greatest common factor of r and n.
9
Let v(d) = -2*d - 1. Let z be v(-4). Suppose 0 = 2*m - 33 - z. What is the highest common factor of 80 and m?
20
Let a(f) = -22*f**2 - 2*f - 4. Let b be a(-3). Let x be (-4)/22 - b/(-11). Let h be (-3)/(x/15)*34. Calculate the greatest common factor of h and 34.
17
Let f(b) = b**3 + 11*b**2 + 5. Let k be f(-11). Suppose 47 = 3*t - y, -k*t + 104 = -y + 25. What is the highest common factor of t and 112?
16
Let l = -109 + 340. Let u = -35 + l. Suppose -5*p + 409 = -u. What is the greatest common factor of p and 11?
11
Suppose 2*u - 7*u - 45 = 0. Let n be 1/(-4) + 219/12. Let y be (-6)/u*-3 + n. What is the highest common divisor of 64 and y?
16
Let n(t) = 13*t - 1. Let h be n(7). What is the highest common factor of 20 and h?
10
Let l = -38 + 88. What is the greatest common factor of l and 125?
25
Suppose -4*a = 20, 3*g + 3*a - 15 = -0*a. Let t be g/(-6)*-12*1. Calculate the highest common factor of t and 30.
10
Let k(w) = w + 21. Let i be k(15). Calculate the greatest common factor of i and 9.
9
Let f(h) = 10*h**2 - h**3 - 4*h**3 + 8 + 6*h**3. Let v be f(-9). Suppose 0 = 3*o - v - 121. What is the greatest common factor of 14 and o?
14
Suppose 12*g = 411 + 21. Calculate the highest common factor of g and 84.
12
Suppose -9 = -4*b + 3. Suppose -2*k = b*k - 315. Let f = k - -35. What is the greatest common factor of f and 14?
14
Let f = 7 - 1. Calculate the highest common factor of 12 and f.
6
Let b(z) = 15*z + 5. Let v(l) = 5*l + 2. Let i(d) = 2*b(d) - 7*v(d). Let g be i(-4). What is the highest common factor of g and 2?
2
Let y be -2 - 2/(6/15). Let a(v) = -v**3 - 8*v**2 - 7*v + 7. Let k be a(y). Let n be 8*(k/2 - 0). Calculate the highest common divisor of 7 and n.
7
Let t be (3/1)/(6/22). Let m = 50 + -28. What is the greatest common factor of m and t?
11
Let x(k) = k**2 + 4. Let z(q) = 3*q**2 + 8. Let p(f) = -5*x(f) + 2*z(f). Let m be p(-6). What is the greatest common factor of m and 4?
4
Let d(o) = 41*o - 1. Let q be d(2). Suppose -q = -4*x + 87. Suppose -b = 4*n - 18, 0*b + n - 15 = -b. What is the greatest common divisor of x and b?
14
Let i be 20/(((-12)/(-15))/2). Let l = 44 + 31. Calculate the greatest common factor of l and i.
25
Let i be 2/(-6) + 16/12. Let l(h) = 2*h**2 + 2*h - 1. Let p be l(i). Let d be (p - 8/3)*21. What is the greatest common factor of d and 63?
7
Let p = -31 + 40. What is the greatest common factor of p and 63?
9
Suppose -7*d + 90 = -2*d. What is the highest common factor of 198 and d?
18
Let o(x) = 4*x + 14. Let p be o(-2). What is the greatest common factor of p and 42?
6
Suppose -r = -5*o - 30, -2*r + 4*o = r - 68. Suppose 2*f = i + 202, -i - 3*i + 292 = 3*f. What is the highest common divisor of f and r?
20
Let a be 0/(-4) + -1 + 2. Let f be (a/2)/(3/864). Calculate the greatest common divisor of f and 18.
18
Let u(s) = 7*s - 1. Let a be u(2). Let f = a - 2. Calculate the greatest common factor of f and 1.
1
Let x be (7 + -5)/(2 - -1)*3. Calculate the highest common divisor of x and 14.
2
Let t(r) be the second derivative of r**4/12 - r**3/2 - 3*r**2 - 6*r. Let o be t(6). What is the highest common divisor of 6 and o?
6
Suppose 3*d - 4*o - 105 + 4 = 0, -5*d = -4*o - 155. Suppose 18 - 45 = -3*z. Calculate the greatest common factor of d and z.
9
Let z = 51 - -21. What is the highest common factor of z and 48?
24
Suppose -5*l = j - l, -3*j + 42 = -2*l. What is the greatest common factor of j and 60?
12
Let g = 222 - 6. Calculate the greatest common divisor of 27 and g.
27
Suppose k = 2*r - 2, -r = r - 2. Suppose k = 4*x + 1 - 29. Calculate the highest common factor of x and 21.
7
Let v be (-2)/(-5)*(7 - 2). Suppose -2*l = 2 + 2. Let f be 3 - -4*1/l. Calculate the greatest common divisor of f and v.
1
Let b = -7 + 5. Let s be (-45)/b - 2/4. Calculate the highest common factor of s and 88.
22
Suppose 2*g = g + 22. Suppose 10 = -2*c - 3*c, n + 2 = -2*c. What is the greatest common divisor of g and n?
2
Suppose 0 = -9*c + 8*c. Let u(x) = x**2 + x + 12. Let t be u(c). Calculate the highest common factor of 84 and t.
12
Suppose 21 = 5*m - 54. What is the greatest common factor of 60 and m?
15
Let v(i) = i**2 + i + 8 - 3 - 2*i**2. Let w be v(0). Suppose z - w*z = 2*f - 256, -2*f = -5*z + 311. What is the highest common divisor of 9 and z?
9
Suppose 7*s + 36 = 10*s. What is the highest common factor of 30 and s?
6
Let t = 83 - 57. What is the highest common divisor of 286 and t?
26
Let s = -58 + 84. Suppose 0*n = -3*a - 2*n + 48, -s = -a - 4*n. What is the greatest common divisor of 28 and a?
14
Suppose -5*a + 1071 - 211 = 0. Suppose -5*s + 875 = 5*c, 0*s + 4*c - a = -s. What is the greatest common factor of s and 16?
16
Suppose 2*b + 3*p = 51, -5*b + 2*p + 45 = -35. Let s = 54 - 9. What is the greatest common factor of b and s?
9
Let f = 2 - -26. What is the greatest common divisor of 42 and f?
14
Let k = -131 + 277. Let g = -3 + k. What is the greatest common divisor of g and 13?
13
Suppose -2*u - 4*v = -0*v - 86, -4*u + 4*v = -112. Calculate the highest common divisor of 33 and u.
33
Let u(o) = o**2 + 7*o + 1. Let z be u(-8). What is the greatest common divisor of z and 6?
3
Suppose -4*y + 19 = w - 32, -4*y - 2*w + 46 = 0. What is the greatest common divisor of 14 and y?
14
Suppose r = -r, -4*v + 96 = -4*r. Let x be -4*((-1 - 3) + 2). Calculate the greatest common divisor of x and v.
8
Let u = -9 - -9. Suppose 28 - 9 = 2*q + 3*a, u = -4*q - 2*a + 26. Let o be -2*(2 + (-9)/2). What is the greatest common factor of q and o?
5
Let y be 5 - 1*(-23 + -3). What is the greatest common divisor of y and 279?
31
Suppose -5*n - 5*j + 20 = 0, 2*j + 16 = 4*n - 3*j. Suppose -n*t = 4*z - 24 + 8, 42 = 3*z - 3*t. What is the greatest common factor of z and 36?
9
Suppose 2*s + 1 + 3 = 0. Let b = -4 - s. Let x be (7/2)/(b/(-4)). What is the highest common factor of 7 and x?
7
Let w = 18 - 13. Suppose -92 - 13 = -w*p. Let r = p + -10. What is the highest common factor of r and 1?
1
Suppose v = 2*y + 9, -3*v + 15 = -y - 37. What is the greatest common factor of 95 and v?
19
Let a = 14 - 10. Suppose 5*q = a*q + 4. Calculate the highest common factor of 24 and q.
4
Let l be (-5 + 39/9)/((-2)/111). What is the greatest common divisor of l and 74?
37
Suppose 5*d + 7 = 2. Let c be (2 - -21)/d*-1. Let o = 34 - c. What is the greatest common factor of o and 22?
11
Suppose 0 = 6*q - 923 - 181. What is the greatest common factor of 46 and q?
46
Suppose 2*m + 44 = 3*z - 9, m = -3*z + 50. Calculate the greatest common divisor of 85 and z.
17
Let j be 98/21 - (-3)/9. Suppose -2*o - 15 = -j*o. Let l(r) = 10*r - 5. Let p be l(4). Calculate the highest common divisor of p and o.
5
Let o(f) = 11*f**2 - 3*f + 14. Let l be o(-5). Calculate the greatest common divisor of l and 38.
38
Suppose 4*m + 5*j - 11 = 2*m, -2*m + 3*j = -3. Let t be 0 + (-1 + 22)/m. What is the greatest common factor of t and 35?
7
Let x be ((-18)/3)/(-3) - -12. Calculate the greatest common factor of x and 70.
14
Suppose 20 = p + 5*a, 0 = 5*a - 0*a - 15. Suppose -p*h + 275 = -0*h. Let g be (-90)/(-4) - 2/4. What is the greatest common factor of h and g?
11
Let w(t) be the first derivative of 18*t**3 - t**2/2 - 3. Let a be w(-1). Let f = a - 27. What is the greatest common divisor of 7 and f?
7
Suppose 3*h - 2*o + 6*o = 4, -4*o - 8 = 0. What is the highest common factor of h and 76?
4
Suppose 3*a - 4*a - b + 79 = 0, 0 = -a + b + 81. Suppose 2*f - a = -2*f. Calculate the greatest common divisor of 4 and f.
4
Let p(l) be the second derivative of -l**5/20 - l**4/2 + 7*l**3/6 - 3*l**2 - 3*l. Let y be p(-8). What is the greatest common divisor of y and 11?
11
Let m(i) = 33*i**2. Let c be m(1). Let b(y) = -y + 2. Let f be b(5). Let h(g) = -g**2 - 3*g + 3. Let j be h(f). What is the highest common divisor of c and j?
3
Let g(h) = -69*h - 7. Let a be g(-3). Calculate the greatest common factor of a and 40.
40
Let f be (7/(-4))/((-14)/112). What is the greatest common factor of 42 and f?
14
Let g be 132/8 - (-2)/4. Suppose 0 = -p + 2 - 17. Let r be (-682)/(-5) - (-6)/p. Calculate the highest common divisor of g and r.
17
Let i = 28 + 87. Calculate the highes